by 6138?
5814
Calculate the remainder when 185463 is divided by 3947.
3901
Calculate the remainder when 82104983 is divided by 4.
3
Calculate the remainder when 130654 is divided by 3675.
2029
Calculate the remainder when 23794919 is divided by 2355.
2354
Calculate the remainder when 14967 is divided by 349.
309
Calculate the remainder when 13596304 is divided by 1816.
1728
Calculate the remainder when 404145 is divided by 100997.
157
What is the remainder when 6596863 is divided by 471172?
455
What is the remainder when 55638 is divided by 4181?
1285
Calculate the remainder when 15596 is divided by 900.
296
What is the remainder when 173099 is divided by 17067?
2429
Calculate the remainder when 1145586 is divided by 1043.
372
Calculate the remainder when 15463 is divided by 7003.
1457
What is the remainder when 105341499 is divided by 1100?
1099
Calculate the remainder when 81795984 is divided by 8089.
16
Calculate the remainder when 51020083 is divided by 2135.
2123
What is the remainder when 3137830 is divided by 584?
582
Calculate the remainder when 381262986 is divided by 149.
147
What is the remainder when 43007559 is divided by 207?
204
Calculate the remainder when 2516913 is divided by 1258437.
39
What is the remainder when 238859 is divided by 39023?
4721
Calculate the remainder when 88324979 is divided by 4.
3
Calculate the remainder when 673725 is divided by 108.
21
Calculate the remainder when 52781904 is divided by 74.
72
Calculate the remainder when 122619 is divided by 121987.
632
What is the remainder when 371482060 is divided by 74296412?
0
Calculate the remainder when 371743 is divided by 3750.
493
What is the remainder when 860331 is divided by 172008?
291
What is the remainder when 14447775 is divided by 4815924?
3
Calculate the remainder when 206747658 is divided by 737.
733
What is the remainder when 37104 is divided by 1203?
1014
What is the remainder when 5671377 is divided by 689?
218
What is the remainder when 121688 is divided by 260?
8
Calculate the remainder when 5052283 is divided by 77.
5
What is the remainder when 70749 is divided by 68795?
1954
What is the remainder when 54150 is divided by 3136?
838
What is the remainder when 141804746 is divided by 5323?
26
What is the remainder when 20149925 is divided by 17?
12
What is the remainder when 367999 is divided by 1804?
1787
What is the remainder when 11508 is divided by 3010?
2478
What is the remainder when 23221 is divided by 655?
296
What is the remainder when 5600917 is divided by 800120?
77
What is the remainder when 1808498 is divided by 7696?
7634
What is the remainder when 4626 is divided by 1101?
222
Calculate the remainder when 766434829 is divided by 1358.
1357
What is the remainder when 2301523 is divided by 2301503?
20
What is the remainder when 1865310 is divided by 3993?
579
Calculate the remainder when 92067 is divided by 18357.
282
What is the remainder when 10394814 is divided by 90?
84
What is the remainder when 90316 is divided by 29418?
2062
What is the remainder when 766406 is divided by 6086?
5656
What is the remainder when 21631076 is divided by 283?
254
Calculate the remainder when 428343 is divided by 786.
759
What is the remainder when 2442624 is divided by 1263?
1245
Calculate the remainder when 278129 is divided by 119.
26
Calculate the remainder when 1196325 is divided by 1431.
9
Calculate the remainder when 65529861 is divided by 123.
12
Calculate the remainder when 553323 is divided by 22787.
6435
Calculate the remainder when 573798 is divided by 19770.
468
What is the remainder when 347512 is divided by 429?
22
Calculate the remainder when 12725 is divided by 1390.
215
Calculate the remainder when 2704300 is divided by 300477.
7
What is the remainder when 4789471 is divided by 1596485?
16
What is the remainder when 372471 is divided by 2022?
423
Calculate the remainder when 9721 is divided by 9693.
28
Calculate the remainder when 50065282 is divided by 361.
358
Calculate the remainder when 4531020 is divided by 906197.
35
What is the remainder when 2617083 is divided by 834?
825
Calculate the remainder when 1177940 is divided by 1652.
64
Calculate the remainder when 31580 is divided by 2801.
769
What is the remainder when 309461 is divided by 2090?
141
What is the remainder when 2355078 is divided by 774?
570
Calculate the remainder when 30764 is divided by 2295.
929
Calculate the remainder when 1153050347 is divided by 1067.
1065
What is the remainder when 207790 is divided by 1052?
546
Calculate the remainder when 3900074 is divided by 650011.
8
What is the remainder when 2459121 is divided by 9996?
105
Calculate the remainder when 3754708 is divided by 797.
41
What is the remainder when 398844 is divided by 398533?
311
What is the remainder when 129040 is divided by 4602?
184
Calculate the remainder when 10423180 is divided by 465.
205
What is the remainder when 8810608 is divided by 1649?
1
What is the remainder when 1612427 is divided by 726?
707
Calculate the remainder when 10259 is divided by 128.
19
Calculate the remainder when 1989130 is divided by 707.
339
What is the remainder when 11238 is divided by 1015?
73
What is the remainder when 3430500 is divided by 44?
40
Calculate the remainder when 21251 is divided by 10371.
509
Calculate the remainder when 951 is divided by 338.
275
Calculate the remainder when 132573066 is divided by 665.
661
Calculate the remainder when 1740272 is divided by 23839.
25
What is the remainder when 952830 is divided by 352?
318
Calculate the remainder when 577523 is divided by 3491.
1508
What is the remainder when 3050354 is divided by 54?
2
What is the remainder when 530935 is divided by 5760?
1015
What is the remainder when 151797 is divided by 8667?
4458
Calculate the remainder when 2435029 is divided by 462.
289
What is the remainder when 385500 is divided by 3876?
1776
What is the remainder when 7256336 is divided by 52?
48
What is the remainder when 42214 is divided by 155?
54
Calculate the remainder when 488040 is divided by 242.
168
What is the remainder when 333910 is divided by 75?
10
Calculate the remainder when 47977 is divided by 1169.
48
Calculate the remainder when 753040 is divided by 5879.
528
What is the remainder when 565640806 is divided by 71?
65
Calculate the remainder when 46436 is divided by 15.
11
What is the remainder when 2605573 is divided by 175?
173
What is the remainder when 5106876 is divided by 5777?
8
Calculate the remainder when 2414820 is divided by 664.
516
What is the remainder when 6634988 is divided by 132?
8
What is the remainder when 22761722 is divided by 4798?
10
Calculate the remainder when 223173 is divided by 1345.
1248
What is the remainder when 1107842 is divided by 221487?
407
What is the remainder when 971787 is divided by 1157?
1064
Calculate the remainder when 14375784 is divided by 194.
190
What is the remainder when 17199285 is divided by 14995?
20
What is the remainder when 249808 is divided by 1814?
1290
What is the remainder when 700121 is divided by 77787?
38
Calculate the remainder when 59174928 is divided by 123.
120
What is the remainder when 66371 is divided by 1444?
1391
Calculate the remainder when 1189080 is divided by 2513.
431
What is the remainder when 2226241 is divided by 12?
1
Calculate the remainder when 41494 is divided by 4470.
1264
What is the remainder when 5836184 is divided by 5?
4
What is the remainder when 4422557 is divided by 374?
7
What is the remainder when 74082995 is divided by 62?
1
What is the remainder when 9270356 is divided by 737?
370
What is the remainder when 10933625 is divided by 911132?
41
What is the remainder when 18595934 is divided by 1116?
26
What is the remainder when 307019 is divided by 91?
76
Calculate the remainder when 90476 is divided by 15050.
176
Calculate the remainder when 15901 is divided by 1885.
821
Calculate the remainder when 10700 is divided by 8212.
2488
What is the remainder when 292537 is divided by 96?
25
What is the remainder when 5944986 is divided by 459?
18
Calculate the remainder when 1834343 is divided by 1834336.
7
Calculate the remainder when 97594 is divided by 305.
299
What is the remainder when 93450 is divided by 9189?
1560
What is the remainder when 597